{"id":84,"date":"2016-04-15T21:29:14","date_gmt":"2016-04-15T19:29:14","guid":{"rendered":"https:\/\/oceanwp.org\/travel\/?page_id=84"},"modified":"2021-05-14T23:10:28","modified_gmt":"2021-05-14T21:10:28","slug":"blog","status":"publish","type":"page","link":"https:\/\/www.zeltplatz-waldesruh.de\/?page_id=84","title":{"rendered":"INFO"},"content":{"rendered":"\t\t<div data-elementor-type=\"wp-page\" data-elementor-id=\"84\" class=\"elementor elementor-84\">\n\t\t\t\t\t\t<section class=\"elementor-section elementor-top-section elementor-element elementor-element-5a57f2a elementor-section-boxed elementor-section-height-default elementor-section-height-default\" data-id=\"5a57f2a\" data-element_type=\"section\">\n\t\t\t\t\t\t<div class=\"elementor-container elementor-column-gap-default\">\n\t\t\t\t\t<div class=\"elementor-column elementor-col-100 elementor-top-column elementor-element elementor-element-1fcc0f1\" data-id=\"1fcc0f1\" data-element_type=\"column\">\n\t\t\t<div class=\"elementor-widget-wrap elementor-element-populated\">\n\t\t\t\t\t\t<div class=\"elementor-element elementor-element-6a34ae5 elementor-widget elementor-widget-text-editor\" data-id=\"6a34ae5\" data-element_type=\"widget\" data-widget_type=\"text-editor.default\">\n\t\t\t\t<div class=\"elementor-widget-container\">\n\t\t\t\t\t\t\t\t\t<h2><strong>Der Zeltplatz \u201eWaldesruh\u201c bietet Ihnen ein reiches<\/strong><\/h2><h2><strong>Angebot an Natur Pur und Freizeitm\u00f6glichkeiten.<\/strong><\/h2><h2><strong>Hier in der Fr\u00e4nkischen Schweiz finden Sie diese<\/strong><\/h2><h2><strong>M\u00f6glichkeiten um reizvolle Natur hautnah mitzuerleben.<\/strong><\/h2><h2><strong>Die nahe gelegene Wiesent, ein beschaulicher<\/strong><\/h2><h2><strong>Wanderfluss, bietet Ihnen die M\u00f6glichkeit eine<\/strong><\/h2><h2><strong>Bootstour mit Mietsbooten in Doos zu unternehmen,<\/strong><\/h2><h2><strong>oder Sie gehen ca. 10 min. vom Zeltplatz Waldesruh zur<\/strong><\/h2><h2><strong>nahegelegenen Burg Rabeneck um eine der sch\u00f6nsten<\/strong><\/h2><h2><strong>Aussichten ins Wiesentthal zu genie\u00dfen.<\/strong><\/h2><h2><strong>Des weiteren k\u00f6nnen Sie auch in unserer Umgebung\u00a0<\/strong><\/h2><h2><strong>Interessante Ziele besuchen:<\/strong><\/h2><h2>\u00a0<strong>N\u00e4heres finden sie unter der Rubrik Freizeit!<\/strong><\/h2><h2><strong>Auch bieten sich umfangreiche Rad- und Wanderwege an,<\/strong><\/h2><h2><strong>die die Sch\u00f6nheit unserer Heimat zeigen.<\/strong><\/h2><h2><strong>Seltene Pflanzen, sowie eine reiche Tierwelt und<\/strong><\/h2><h2><strong>die landschaftliche Sch\u00f6nheit der Fr\u00e4nkischen Schweiz,<\/strong><\/h2><h2><strong>bieten Ihnen ein einzigartiges Naturerlebnis.<\/strong><\/h2><h2><strong>Kletterfelsen, und H\u00f6hlen sind in der Fr\u00e4nkischen Schweiz<\/strong><\/h2><h2><strong>keine Seltenheit und geh\u00f6ren zu einem zus\u00e4tzlichen<\/strong><\/h2><h2><strong>Erlebnis f\u00fcr fast alle Altersgruppen.<\/strong><\/h2><h2><strong>K\u00fcchenhalle, sowie Toiletten und Warmwasserduschen<\/strong><\/h2><h2>\u00a0<strong>(Behindertengerecht)<\/strong><\/h2><h2>\u00a0<strong>sind am Zeltplatz vorhanden und reichen auch<\/strong><\/h2><h2><strong>f\u00fcr gro\u00dfe Gruppen aus.<\/strong><\/h2><h2>\u00a0<strong>Zeltplatzordnung \u2013 Siehe unter Info!<\/strong><\/h2><h2><strong>Viel Spass.<\/strong><\/h2>\t\t\t\t\t\t\t\t<\/div>\n\t\t\t\t<\/div>\n\t\t\t\t\t<\/div>\n\t\t<\/div>\n\t\t\t\t\t<\/div>\n\t\t<\/section>\n\t\t\t\t<\/div>\n\t\t","protected":false},"excerpt":{"rendered":"<p>Der Zeltplatz \u201eWaldesruh\u201c bietet Ihnen ein reiches Angebot an Natur Pur und Freizeitm\u00f6glichkeiten. Hier in der Fr\u00e4nkischen Schweiz finden Sie diese M\u00f6glichkeiten um reizvolle Natur hautnah mitzuerleben. Die nahe gelegene Wiesent, ein beschaulicher Wanderfluss, bietet Ihnen die M\u00f6glichkeit eine Bootstour mit Mietsbooten in Doos zu unternehmen, oder Sie gehen ca. 10 min. vom Zeltplatz Waldesruh [&hellip;]<\/p>\n","protected":false},"author":1,"featured_media":0,"parent":0,"menu_order":0,"comment_status":"closed","ping_status":"closed","template":"","meta":{"ocean_post_layout":"","ocean_both_sidebars_style":"","ocean_both_sidebars_content_width":0,"ocean_both_sidebars_sidebars_width":0,"ocean_sidebar":"0","ocean_second_sidebar":"0","ocean_disable_margins":"enable","ocean_add_body_class":"","ocean_shortcode_before_top_bar":"","ocean_shortcode_after_top_bar":"","ocean_shortcode_before_header":"","ocean_shortcode_after_header":"","ocean_has_shortcode":"","ocean_shortcode_after_title":"","ocean_shortcode_before_footer_widgets":"","ocean_shortcode_after_footer_widgets":"","ocean_shortcode_before_footer_bottom":"","ocean_shortcode_after_footer_bottom":"","ocean_display_top_bar":"default","ocean_display_header":"default","ocean_header_style":"","ocean_center_header_left_menu":"0","ocean_custom_header_template":"0","ocean_custom_logo":0,"ocean_custom_retina_logo":0,"ocean_custom_logo_max_width":0,"ocean_custom_logo_tablet_max_width":0,"ocean_custom_logo_mobile_max_width":0,"ocean_custom_logo_max_height":0,"ocean_custom_logo_tablet_max_height":0,"ocean_custom_logo_mobile_max_height":0,"ocean_header_custom_menu":"0","ocean_menu_typo_font_family":"0","ocean_menu_typo_font_subset":"","ocean_menu_typo_font_size":0,"ocean_menu_typo_font_size_tablet":0,"ocean_menu_typo_font_size_mobile":0,"ocean_menu_typo_font_size_unit":"px","ocean_menu_typo_font_weight":"","ocean_menu_typo_font_weight_tablet":"","ocean_menu_typo_font_weight_mobile":"","ocean_menu_typo_transform":"","ocean_menu_typo_transform_tablet":"","ocean_menu_typo_transform_mobile":"","ocean_menu_typo_line_height":0,"ocean_menu_typo_line_height_tablet":0,"ocean_menu_typo_line_height_mobile":0,"ocean_menu_typo_line_height_unit":"","ocean_menu_typo_spacing":0,"ocean_menu_typo_spacing_tablet":0,"ocean_menu_typo_spacing_mobile":0,"ocean_menu_typo_spacing_unit":"","ocean_menu_link_color":"","ocean_menu_link_color_hover":"","ocean_menu_link_color_active":"","ocean_menu_link_background":"","ocean_menu_link_hover_background":"","ocean_menu_link_active_background":"","ocean_menu_social_links_bg":"","ocean_menu_social_hover_links_bg":"","ocean_menu_social_links_color":"","ocean_menu_social_hover_links_color":"","ocean_disable_title":"default","ocean_disable_heading":"default","ocean_post_title":"","ocean_post_subheading":"","ocean_post_title_style":"","ocean_post_title_background_color":"","ocean_post_title_background":0,"ocean_post_title_bg_image_position":"","ocean_post_title_bg_image_attachment":"","ocean_post_title_bg_image_repeat":"","ocean_post_title_bg_image_size":"","ocean_post_title_height":0,"ocean_post_title_bg_overlay":0.5,"ocean_post_title_bg_overlay_color":"","ocean_disable_breadcrumbs":"default","ocean_breadcrumbs_color":"","ocean_breadcrumbs_separator_color":"","ocean_breadcrumbs_links_color":"","ocean_breadcrumbs_links_hover_color":"","ocean_display_footer_widgets":"default","ocean_display_footer_bottom":"default","ocean_custom_footer_template":"0","footnotes":""},"class_list":["post-84","page","type-page","status-publish","hentry","entry"],"_links":{"self":[{"href":"https:\/\/www.zeltplatz-waldesruh.de\/index.php?rest_route=\/wp\/v2\/pages\/84","targetHints":{"allow":["GET"]}}],"collection":[{"href":"https:\/\/www.zeltplatz-waldesruh.de\/index.php?rest_route=\/wp\/v2\/pages"}],"about":[{"href":"https:\/\/www.zeltplatz-waldesruh.de\/index.php?rest_route=\/wp\/v2\/types\/page"}],"author":[{"embeddable":true,"href":"https:\/\/www.zeltplatz-waldesruh.de\/index.php?rest_route=\/wp\/v2\/users\/1"}],"replies":[{"embeddable":true,"href":"https:\/\/www.zeltplatz-waldesruh.de\/index.php?rest_route=%2Fwp%2Fv2%2Fcomments&post=84"}],"version-history":[{"count":8,"href":"https:\/\/www.zeltplatz-waldesruh.de\/index.php?rest_route=\/wp\/v2\/pages\/84\/revisions"}],"predecessor-version":[{"id":1353,"href":"https:\/\/www.zeltplatz-waldesruh.de\/index.php?rest_route=\/wp\/v2\/pages\/84\/revisions\/1353"}],"wp:attachment":[{"href":"https:\/\/www.zeltplatz-waldesruh.de\/index.php?rest_route=%2Fwp%2Fv2%2Fmedia&parent=84"}],"curies":[{"name":"wp","href":"https:\/\/api.w.org\/{rel}","templated":true}]}}